{"id":156,"date":"2023-10-28T11:39:59","date_gmt":"2023-10-28T09:39:59","guid":{"rendered":"https:\/\/paroisses-catholiques-ssf.com\/?page_id=156"},"modified":"2026-03-26T16:38:19","modified_gmt":"2026-03-26T15:38:19","slug":"premier-pardon-premiere-communion","status":"publish","type":"page","link":"https:\/\/paroisses-catholiques-ssf.com\/index.php\/premier-pardon-premiere-communion\/","title":{"rendered":"Premier Pardon \/ Premi\u00e8re Communion"},"content":{"rendered":"\n<div class=\"wp-block-cover accueil__banni\u00e8re\"><img loading=\"lazy\" decoding=\"async\" width=\"620\" height=\"380\" class=\"wp-block-cover__image-background wp-image-968\" alt=\"\" src=\"https:\/\/paroisses-catholiques-ssf.com\/wp-content\/uploads\/2023\/11\/premiereCommunion.jpg\" data-object-fit=\"cover\" srcset=\"https:\/\/paroisses-catholiques-ssf.com\/wp-content\/uploads\/2023\/11\/premiereCommunion.jpg 620w, https:\/\/paroisses-catholiques-ssf.com\/wp-content\/uploads\/2023\/11\/premiereCommunion-300x184.jpg 300w\" sizes=\"auto, (max-width: 620px) 100vw, 620px\" \/><span aria-hidden=\"true\" class=\"wp-block-cover__background has-background-dim-30 has-background-dim\"><\/span><div class=\"wp-block-cover__inner-container is-layout-flow wp-block-cover-is-layout-flow\">\n<h1 class=\"wp-block-heading has-text-align-center titre__pageParoisse has-white-color has-text-color has-link-color wp-elements-8a1113242eaecc69fe5ea349b4895c9c\">Premier Pardon \/ Premi\u00e8re Communion<\/h1>\n\n\n\n<hr class=\"wp-block-separator has-text-color has-white-color has-alpha-channel-opacity has-white-background-color has-background\"\/>\n<\/div><\/div>\n\n\n\n<div class=\"wp-block-columns col_paroisse is-layout-flex wp-container-core-columns-is-layout-9d6595d7 wp-block-columns-is-layout-flex\">\n<div class=\"wp-block-column col_paroisse is-layout-flow wp-block-column-is-layout-flow\">\n<h1 class=\"wp-block-heading has-text-align-center h1_soustitre_sacrement has-black-color has-text-color has-link-color wp-elements-7ffe19c2dcf8e0bac3867d33e212491d\">Premier Pardon \/ Premi\u00e8re Communion<\/h1>\n\n\n\n<div class=\"wp-block-columns is-layout-flex wp-container-core-columns-is-layout-9d6595d7 wp-block-columns-is-layout-flex\">\n<div class=\"wp-block-column paragraphe_birlenbach is-layout-flow wp-block-column-is-layout-flow\">\n<p><\/p>\n\n\n\n<p><em>Un enfant peut se pr\u00e9parer \u00e0 la Premi\u00e8re Communion \u00e0 partir du CE2, l\u2019ann\u00e9e de ses 8 ans&nbsp;(ou plus).<\/em><\/p>\n\n\n\n<p><em>Cette pr\u00e9paration se fait sur deux ans. <\/em><\/p>\n\n\n\n<p>Elle int\u00e8gre la c\u00e9l\u00e9bration du Premier&nbsp;Pardon \u00e0 la fin de la premi\u00e8re ann\u00e9e. &nbsp;Pour la pr\u00e9paration au Premier Pardon, les \u00e9quipes sont constitu\u00e9es lors de la r\u00e9union de rentr\u00e9e. Ces \u00e9quipes poursuivent leur cheminement vers la Premi\u00e8re&nbsp;Communion mais peuvent \u00e9ventuellement \u00eatre r\u00e9organis\u00e9es lors de la r\u00e9union de rentr\u00e9e. Les dates de ces r\u00e9unions sont diffus\u00e9es par la&nbsp;<a href=\"https:\/\/paroisses-catholiques-ssf.com\/index.php\/vie-paroissiale\/horaires-des-messes\/\" data-type=\"page\" data-id=\"1976\">fiche paroissiale<\/a> en juin et en septembre, par des tracts remis aux enfants de CE2 et CM1&nbsp;(si possible), d\u00e9pos\u00e9s sur les pr\u00e9sentoirs des \u00e9glises ou diffus\u00e9 sur le site internet.<\/p>\n\n\n\n<p><em>Le formulaire d\u2019inscription est remis lors des r\u00e9unions<\/em> ou \u00e0 t\u00e9l\u00e9charger par ce <a href=\"https:\/\/paroisses-catholiques-ssf.com\/wp-content\/uploads\/2025\/06\/Fiche_Inscription_soultz_premier_pardon_communion_2026_2027.pdf\" data-type=\"link\" data-id=\"https:\/\/paroisses-catholiques-ssf.com\/wp-content\/uploads\/2025\/05\/Fiche_Inscription_soultz_premier_pardon_communion_2026_2027.pdf\" target=\"_blank\" rel=\"noreferrer noopener\">lien<\/a><\/p>\n\n\n\n<p><strong>Information 2025<\/strong><\/p>\n\n\n\n<p><strong>R\u00e9union d\u2019information \/ R\u00e9union de rentr\u00e9e pour le Premier Pardon<\/strong><\/p>\n\n\n\n<ul class=\"wp-block-list\">\n<li><strong> le mardi 16 septembre 2025, \u00e0 19h30 au presbyt\u00e8re de Soultz-sous-For\u00eats<\/strong><\/li>\n<\/ul>\n\n\n\n<p><em>Pour plus de renseignements, n\u2019h\u00e9sitez pas \u00e0 vous adresser \u00e0 la Coop\u00e9ratrice la pastorale des enfants<\/em>, Virginie Dorffer &nbsp;\u2013 06 19 68 06 83 &#8211; <a href=\"mailto:virginie_dorffer@icloud.com\">virginie_dorffer@icloud.com<\/a><\/p>\n\n\n\n<div class=\"wp-block-columns is-layout-flex wp-container-core-columns-is-layout-9d6595d7 wp-block-columns-is-layout-flex\">\n<div class=\"wp-block-column is-layout-flow wp-block-column-is-layout-flow\">\n<figure class=\"wp-block-image size-full is-resized\"><img loading=\"lazy\" decoding=\"async\" width=\"474\" height=\"400\" src=\"https:\/\/paroisses-catholiques-ssf.com\/wp-content\/uploads\/2023\/11\/illustrastionMariage.jpg\" alt=\"\" class=\"wp-image-984\" style=\"object-fit:cover;width:400px;height:400px\" srcset=\"https:\/\/paroisses-catholiques-ssf.com\/wp-content\/uploads\/2023\/11\/illustrastionMariage.jpg 474w, https:\/\/paroisses-catholiques-ssf.com\/wp-content\/uploads\/2023\/11\/illustrastionMariage-300x253.jpg 300w\" sizes=\"auto, (max-width: 474px) 100vw, 474px\" \/><\/figure>\n<\/div>\n\n\n\n<div class=\"wp-block-column is-vertically-aligned-center is-layout-flow wp-block-column-is-layout-flow\">\n<h2 class=\"wp-block-heading\"><strong>Ann\u00e9e 2026<\/strong><\/h2>\n\n\n\n<p><strong>Dimanche 10 mai<\/strong> \u00e0 Soultz-Sous-Forets<\/p>\n\n\n\n<p><strong>Dimanche 17 mai<\/strong> \u00e0 Schoenenbourg<\/p>\n\n\n\n<p><\/p>\n<\/div>\n<\/div>\n\n\n\n<p><em>Un enfant n\u2019ayant pu s\u2019inscrire et int\u00e9grer une \u00e9quipe de pr\u00e9paration \u00e0 temps pourra le faire sans difficult\u00e9 l\u2019ann\u00e9e suivante. <strong>A l\u2019\u00e2ge adulte ou \u00e0 partir de l\u2019adolescence<\/strong>, il n\u2019est jamais trop tard de se mettre en route pour se pr\u00e9parer au bapt\u00eame et aux autres sacrements d\u2019initiation chr\u00e9tienne: n\u2019h\u00e9sitez pas \u00e0 demander une rencontre avec un pr\u00eatre pour en parler.<\/em><\/p>\n<\/div>\n<\/div>\n<\/div>\n<\/div>\n\n\n\n<div class=\"wp-block-group alignfull footer-css has-white-color has-black-background-color has-text-color has-background has-link-color wp-elements-afb2d4068112a3a8fd09b6ec25723eb0 is-vertical is-content-justification-stretch is-layout-flex wp-container-core-group-is-layout-47eb2bc5 wp-block-group-is-layout-flex\" style=\"min-height:40vh;margin-top:0;margin-bottom:0;padding-top:var(--wp--preset--spacing--60);padding-right:var(--wp--preset--spacing--40);padding-bottom:var(--wp--preset--spacing--60);padding-left:var(--wp--preset--spacing--40)\">\n<div class=\"wp-block-columns alignwide has-small-font-size is-layout-flex wp-container-core-columns-is-layout-9d6595d7 wp-block-columns-is-layout-flex\">\n<div class=\"wp-block-column is-vertically-aligned-center is-layout-flow wp-block-column-is-layout-flow\">\n<p class=\"has-text-align-center\">Presbyt\u00e8re catholique de Soultz-sous-For\u00eats<\/p>\n\n\n\n<p class=\"has-text-align-center\">2 rue des \u00e9coles,<br>67250 SOULTZ-SOUS-FOR\u00caTS<br>03 88 80 41 55 (sauf le lundi)&nbsp;<\/p>\n\n\n\n<p class=\"has-text-align-center\">paroisse.ssf@wanadoo.fr<\/p>\n\n\n\n<p class=\"has-text-align-center\">Permanences : Jeudi de 10h00 \u00e0 12h00 et le samedi de 10h00 \u00e0 12h00&nbsp;<\/p>\n\n\n\n<p class=\"has-text-align-center\">P\u00e8re F\u00e9lix Zannou HOUESSOU : 06 14 38 65 52 (en cas d&rsquo;urgence)&nbsp;<\/p>\n\n\n\n<p class=\"has-text-align-center\">P\u00e8re Simon KNAEBEL : 03 88 79 11 85&nbsp;<\/p>\n\n\n\n<div style=\"height:24px\" aria-hidden=\"true\" class=\"wp-block-spacer\"><\/div>\n<\/div>\n\n\n\n<div class=\"wp-block-column is-layout-flow wp-block-column-is-layout-flow\">\n<p class=\"has-text-align-center\"><\/p>\n\n\n<p><iframe src=\"https:\/\/www.google.com\/maps\/embed?pb=!1m18!1m12!1m3!1d2620.800066723692!2d7.879993676792334!3d48.93824979508288!2m3!1f0!2f0!3f0!3m2!1i1024!2i768!4f13.1!3m3!1m2!1s0x4796f274b1cc3ebd%3A0x5c8a5f31a04db652!2s2%20Rue%20des%20%C3%89coles%2C%2067250%20Soultz-sous-For%C3%AAts!5e0!3m2!1sfr!2sfr!4v1698792111402!5m2!1sfr!2sfr\" width=\"600\" height=\"450\" style=\"border:0;\" allowfullscreen=\"\" loading=\"lazy\" referrerpolicy=\"no-referrer-when-downgrade\"><\/iframe><\/p>\n\n\n\n<div style=\"height:24px\" aria-hidden=\"true\" class=\"wp-block-spacer\"><\/div>\n<\/div>\n<\/div>\n<\/div>\n\n\n\n<div class=\"wp-block-columns is-layout-flex wp-container-core-columns-is-layout-9d6595d7 wp-block-columns-is-layout-flex\">\n<div class=\"wp-block-column footer__copyright is-layout-flow wp-block-column-is-layout-flow\">\n<p class=\"coopyright\">\u00a92023Communaut\u00e9 de paroisses catholiques de Soultz-sous-For\u00eats&nbsp;\u2013 r\u00e9alis\u00e9 par Samtmann Guillaume<\/p>\n<\/div>\n<\/div>\n","protected":false},"excerpt":{"rendered":"<p>Premier Pardon \/ Premi\u00e8re Communion Un enfant peut se pr\u00e9parer \u00e0 la Premi\u00e8re Communion \u00e0 partir du CE2, l\u2019ann\u00e9e de ses 8 ans&nbsp;(ou plus). Cette pr\u00e9paration se fait sur deux ans. Elle int\u00e8gre la c\u00e9l\u00e9bration du Premier&nbsp;Pardon \u00e0 la fin de la premi\u00e8re ann\u00e9e. &nbsp;Pour la pr\u00e9paration au Premier Pardon, les \u00e9quipes sont constitu\u00e9es lors [&hellip;]<\/p>\n","protected":false},"author":1,"featured_media":0,"parent":0,"menu_order":0,"comment_status":"closed","ping_status":"closed","template":"page-template\/custom-home-page.php","meta":{"_mc_calendar":[],"footnotes":""},"class_list":["post-156","page","type-page","status-publish","hentry"],"_links":{"self":[{"href":"https:\/\/paroisses-catholiques-ssf.com\/index.php\/wp-json\/wp\/v2\/pages\/156","targetHints":{"allow":["GET"]}}],"collection":[{"href":"https:\/\/paroisses-catholiques-ssf.com\/index.php\/wp-json\/wp\/v2\/pages"}],"about":[{"href":"https:\/\/paroisses-catholiques-ssf.com\/index.php\/wp-json\/wp\/v2\/types\/page"}],"author":[{"embeddable":true,"href":"https:\/\/paroisses-catholiques-ssf.com\/index.php\/wp-json\/wp\/v2\/users\/1"}],"replies":[{"embeddable":true,"href":"https:\/\/paroisses-catholiques-ssf.com\/index.php\/wp-json\/wp\/v2\/comments?post=156"}],"version-history":[{"count":30,"href":"https:\/\/paroisses-catholiques-ssf.com\/index.php\/wp-json\/wp\/v2\/pages\/156\/revisions"}],"predecessor-version":[{"id":3314,"href":"https:\/\/paroisses-catholiques-ssf.com\/index.php\/wp-json\/wp\/v2\/pages\/156\/revisions\/3314"}],"wp:attachment":[{"href":"https:\/\/paroisses-catholiques-ssf.com\/index.php\/wp-json\/wp\/v2\/media?parent=156"}],"curies":[{"name":"wp","href":"https:\/\/api.w.org\/{rel}","templated":true}]}}