{"id":20,"date":"2023-10-26T06:01:16","date_gmt":"2023-10-26T04:01:16","guid":{"rendered":"https:\/\/paroisses-catholiques-ssf.com\/?page_id=20"},"modified":"2025-08-21T09:28:28","modified_gmt":"2025-08-21T07:28:28","slug":"drachenbronn","status":"publish","type":"page","link":"https:\/\/paroisses-catholiques-ssf.com\/index.php\/drachenbronn\/","title":{"rendered":"Drachenbronn"},"content":{"rendered":"\n<div class=\"wp-block-cover bani\u00e9re-paroisse\"><img loading=\"lazy\" decoding=\"async\" width=\"567\" height=\"263\" class=\"wp-block-cover__image-background wp-image-1707 size-full\" alt=\"\" src=\"https:\/\/paroisses-catholiques-ssf.com\/wp-content\/uploads\/2023\/12\/Eglise_Drachenbronn_2020.jpg\" data-object-fit=\"cover\"\/><span aria-hidden=\"true\" class=\"wp-block-cover__background has-background-dim-20 has-background-dim\" style=\"background-color:#4d433f\"><\/span><div class=\"wp-block-cover__inner-container is-layout-flow wp-block-cover-is-layout-flow\">\n<h1 class=\"wp-block-heading has-text-align-center titre__pageParoisse has-white-color has-text-color has-link-color wp-elements-583c0dc128ff8436721ba2eacb75c6a4\">Drachenbronn<\/h1>\n\n\n\n<hr class=\"wp-block-separator has-text-color has-white-color has-alpha-channel-opacity has-white-background-color has-background\"\/>\n<\/div><\/div>\n\n\n\n<div class=\"wp-block-columns col_paroisse is-layout-flex wp-container-core-columns-is-layout-9d6595d7 wp-block-columns-is-layout-flex\">\n<div class=\"wp-block-column paragraphe_birlenbach is-layout-flow wp-block-column-is-layout-flow\">\n<h1 class=\"wp-block-heading has-text-align-center has-black-color has-text-color has-link-color wp-elements-32a811c7b75e4dbdf111c336cf47236d\">Notre histoire<\/h1>\n\n\n\n<div class=\"wp-block-columns is-layout-flex wp-container-core-columns-is-layout-9d6595d7 wp-block-columns-is-layout-flex\">\n<div class=\"wp-block-column paragraphe_birlenbach is-layout-flow wp-block-column-is-layout-flow\">\n<p>Chapelle du \u00ab&nbsp;CHRIST ROI&nbsp;\u00bb&nbsp; \u00e0 Drachenbronn. La chapelle du \u00ab&nbsp;<strong>Christ Roi<\/strong>&nbsp;\u00bb de Drachenbronn, annexe de la paroisse de Keffenach, est situ\u00e9e au c\u0153ur du village, \u00e0 l\u2019emplacement de l\u2019ancien lavoir en fonction jusqu\u2019en 1935. En 1936 une \u00e9cole mairie remplace ce dernier et est utilis\u00e9e jusqu\u2019en 1955. La construction d\u2019une nouvelle \u00e9cole lib\u00e8re le b\u00e2timent. La communaut\u00e9 catholique d\u00e9sirant un lieu de culte, le conseil municipal adh\u00e8re au projet de transformer le lieu en chapelle. Les d\u00e9penses seront financ\u00e9es, en partie par des dons de paroissiens et des dommages de guerre allou\u00e9s pour cause de faits de guerre.<\/p>\n\n\n\n<p>Le 25 octobre 1959 la chapelle est consacr\u00e9e par Monseigneur Fischer, assist\u00e9 de M. le cur\u00e9 Schmitt et du cur\u00e9 Knauer. Sont aussi pr\u00e9sents le d\u00e9put\u00e9 Grussenmeyer et le conseiller g\u00e9n\u00e9ral Schiellein. En 1993 la communaut\u00e9 protestante rejoint les catholiques. Le 13 mai 1996, la convention d\u2019utilisation par les deux communaut\u00e9s sera officiellement sign\u00e9e entre la paroisse catholique de Keffenach, la paroisse protestante de Birlenbach \u2013Drachenbronn et la commune. En 2001, une r\u00e9novation int\u00e9rieure est r\u00e9alis\u00e9e par une \u00e9quipe de b\u00e9n\u00e9voles des deux confessions et financ\u00e9es par des dons de paroissiens. Cette r\u00e9novation, faite avec minutie, permet d\u2019accueillir les paroissiens catholiques pour les f\u00eates du \u00ab&nbsp;<strong>Christ Roi<\/strong>&nbsp;\u00bb, fin novembre, de la St Etienne le 26 d\u00e9cembre, ainsi que le lundi de P\u00e2ques. Les protestants s\u2019y r\u00e9unissent pour des cultes toutes les trois semaines.<\/p>\n\n\n\n<p>Les deux communaut\u00e9s y c\u00e9l\u00e8brent des bapt\u00eames, des enterrements, des veill\u00e9es de pri\u00e8res \u0153cum\u00e9niques Taiz\u00e9, No\u00ebl, P\u00e2ques. Bien que modeste, notre chapelle est tr\u00e8s conviviale, l\u2019on y prie et l\u2019on y chante avec beaucoup de ferveur et de recueillement.<\/p>\n\n\n\n<p>Venez nous y rejoindre lors de nos c\u00e9r\u00e9monies, nous serons tr\u00e8s heureux de vous y accueillir.<\/p>\n<\/div>\n<\/div>\n<\/div>\n<\/div>\n\n\n\n<hr class=\"wp-block-separator has-alpha-channel-opacity\"\/>\n\n\n\n<p><strong>Feuille de services 2023<\/strong><\/p>\n\n\n\n<figure class=\"wp-block-table\"><table class=\"has-fixed-layout\"><tbody><tr><td><strong>Liturgie<\/strong><\/td><td><\/td><\/tr><tr><td>Fleurissement<\/td><td><\/td><\/tr><tr><td>Entretien<\/td><td><\/td><\/tr><tr><td>Sacristain<\/td><td><\/td><\/tr><tr><td>Portier<\/td><td><\/td><\/tr><tr><td>Servants de messe<\/td><td><\/td><\/tr><tr><td>Chorale<\/td><td><\/td><\/tr><tr><td>Organiste<\/td><td><\/td><\/tr><tr><td>Lecteurs<\/td><td><\/td><\/tr><tr><td>C\u00e9l\u00e9brations du mercredi<\/td><td><\/td><\/tr><tr><td><strong>Informations<\/strong><\/td><td><\/td><\/tr><tr><td>Fiche paroissiale<\/td><td><\/td><\/tr><tr><td>Accueil<\/td><td><\/td><\/tr><tr><td><strong>Conseil de fabrique<\/strong><\/td><td><\/td><\/tr><tr><td>Pr\u00e9sident<\/td><td><\/td><\/tr><\/tbody><\/table><\/figure>\n\n\n\n<div class=\"wp-block-group alignfull footer-css has-white-color has-black-background-color has-text-color has-background has-link-color wp-elements-ba475b0cc921fef8f0e1837d6cd4a8dc is-vertical is-content-justification-stretch is-layout-flex wp-container-core-group-is-layout-47eb2bc5 wp-block-group-is-layout-flex\" style=\"min-height:40vh;margin-top:0;margin-bottom:0;padding-top:var(--wp--preset--spacing--60);padding-right:var(--wp--preset--spacing--40);padding-bottom:var(--wp--preset--spacing--60);padding-left:var(--wp--preset--spacing--40)\">\n<div class=\"wp-block-columns alignwide has-small-font-size is-layout-flex wp-container-core-columns-is-layout-9d6595d7 wp-block-columns-is-layout-flex\">\n<div class=\"wp-block-column is-vertically-aligned-center is-layout-flow wp-block-column-is-layout-flow\">\n<p class=\"has-text-align-center\">Presbyt\u00e8re catholique de Soultz-sous-For\u00eats<\/p>\n\n\n\n<p class=\"has-text-align-center\">2 rue des \u00e9coles,<br>67250 SOULTZ-SOUS-FOR\u00caTS<br>03 88 80 41 55 (sauf le lundi)&nbsp;<\/p>\n\n\n\n<p class=\"has-text-align-center\">paroisse.ssf@wanadoo.fr<\/p>\n\n\n\n<p class=\"has-text-align-center\">Permanences : Jeudi de 10h00 \u00e0 12h00 et le samedi de 10h00 \u00e0 12h00&nbsp;<\/p>\n\n\n\n<p class=\"has-text-align-center\">P\u00e8re F\u00e9lix Zannou HOUESSOU : 06 14 38 65 52 (en cas d&rsquo;urgence)&nbsp;<\/p>\n\n\n\n<p class=\"has-text-align-center\">P\u00e8re Jules : 07 51 46 50 65 \u2013 P\u00e8re Simon KNAEBEL : 03 88 79 11 85&nbsp;<\/p>\n\n\n\n<div style=\"height:24px\" aria-hidden=\"true\" class=\"wp-block-spacer\"><\/div>\n<\/div>\n\n\n\n<div class=\"wp-block-column is-layout-flow wp-block-column-is-layout-flow\">\n<p class=\"has-text-align-center\"><\/p>\n\n\n<p><iframe src=\"https:\/\/www.google.com\/maps\/embed?pb=!1m18!1m12!1m3!1d2620.800066723692!2d7.879993676792334!3d48.93824979508288!2m3!1f0!2f0!3f0!3m2!1i1024!2i768!4f13.1!3m3!1m2!1s0x4796f274b1cc3ebd%3A0x5c8a5f31a04db652!2s2%20Rue%20des%20%C3%89coles%2C%2067250%20Soultz-sous-For%C3%AAts!5e0!3m2!1sfr!2sfr!4v1698792111402!5m2!1sfr!2sfr\" width=\"600\" height=\"450\" style=\"border:0;\" allowfullscreen=\"\" loading=\"lazy\" referrerpolicy=\"no-referrer-when-downgrade\"><\/iframe><\/p>\n\n\n\n<div style=\"height:24px\" aria-hidden=\"true\" class=\"wp-block-spacer\"><\/div>\n<\/div>\n<\/div>\n<\/div>\n\n\n\n<div class=\"wp-block-columns is-layout-flex wp-container-core-columns-is-layout-9d6595d7 wp-block-columns-is-layout-flex\">\n<div class=\"wp-block-column footer__copyright is-layout-flow wp-block-column-is-layout-flow\">\n<p class=\"coopyright\">\u00a92023Communaut\u00e9 de paroisses catholiques de Soultz-sous-For\u00eats &#8211; r\u00e9alis\u00e9 par Samtmann Guillaume <\/p>\n<\/div>\n<\/div>\n","protected":false},"excerpt":{"rendered":"<p>Notre histoire Chapelle du \u00ab&nbsp;CHRIST ROI&nbsp;\u00bb&nbsp; \u00e0 Drachenbronn. La chapelle du \u00ab&nbsp;Christ Roi&nbsp;\u00bb de Drachenbronn, annexe de la paroisse de Keffenach, est situ\u00e9e au c\u0153ur du village, \u00e0 l\u2019emplacement de l\u2019ancien lavoir en fonction jusqu\u2019en 1935. En 1936 une \u00e9cole mairie remplace ce dernier et est utilis\u00e9e jusqu\u2019en 1955. La construction d\u2019une nouvelle \u00e9cole lib\u00e8re [&hellip;]<\/p>\n","protected":false},"author":1,"featured_media":0,"parent":0,"menu_order":0,"comment_status":"closed","ping_status":"closed","template":"page-template\/custom-home-page.php","meta":{"_mc_calendar":[],"footnotes":""},"class_list":["post-20","page","type-page","status-publish","hentry"],"_links":{"self":[{"href":"https:\/\/paroisses-catholiques-ssf.com\/index.php\/wp-json\/wp\/v2\/pages\/20","targetHints":{"allow":["GET"]}}],"collection":[{"href":"https:\/\/paroisses-catholiques-ssf.com\/index.php\/wp-json\/wp\/v2\/pages"}],"about":[{"href":"https:\/\/paroisses-catholiques-ssf.com\/index.php\/wp-json\/wp\/v2\/types\/page"}],"author":[{"embeddable":true,"href":"https:\/\/paroisses-catholiques-ssf.com\/index.php\/wp-json\/wp\/v2\/users\/1"}],"replies":[{"embeddable":true,"href":"https:\/\/paroisses-catholiques-ssf.com\/index.php\/wp-json\/wp\/v2\/comments?post=20"}],"version-history":[{"count":31,"href":"https:\/\/paroisses-catholiques-ssf.com\/index.php\/wp-json\/wp\/v2\/pages\/20\/revisions"}],"predecessor-version":[{"id":2780,"href":"https:\/\/paroisses-catholiques-ssf.com\/index.php\/wp-json\/wp\/v2\/pages\/20\/revisions\/2780"}],"wp:attachment":[{"href":"https:\/\/paroisses-catholiques-ssf.com\/index.php\/wp-json\/wp\/v2\/media?parent=20"}],"curies":[{"name":"wp","href":"https:\/\/api.w.org\/{rel}","templated":true}]}}

<div class="wp-block-cover baniére-paroisse"><img loading="lazy" decoding="async" width="567" height="263" class="wp-block-cover__image-background wp-image-1707 size-full" alt="" src="https://paroisses-catholiques-ssf.com/wp-content/uploads/2023/12/Eglise_Drachenbronn_2020.jpg" data-object-fit="cover"/><span aria-hidden="true" class="wp-block-cover__background has-background-dim-20 has-background-dim" style="background-color:#4d433f"></span><div class="wp-block-cover__inner-container is-layout-flow wp-block-cover-is-layout-flow">
<h1 class="wp-block-heading has-text-align-center titre__pageParoisse has-white-color has-text-color has-link-color wp-elements-583c0dc128ff8436721ba2eacb75c6a4">Drachenbronn</h1>



<hr class="wp-block-separator has-text-color has-white-color has-alpha-channel-opacity has-white-background-color has-background"/>
</div></div>



<div class="wp-block-columns col_paroisse is-layout-flex wp-container-core-columns-is-layout-9d6595d7 wp-block-columns-is-layout-flex">
<div class="wp-block-column paragraphe_birlenbach is-layout-flow wp-block-column-is-layout-flow">
<h1 class="wp-block-heading has-text-align-center has-black-color has-text-color has-link-color wp-elements-32a811c7b75e4dbdf111c336cf47236d">Notre histoire</h1>



<div class="wp-block-columns is-layout-flex wp-container-core-columns-is-layout-9d6595d7 wp-block-columns-is-layout-flex">
<div class="wp-block-column paragraphe_birlenbach is-layout-flow wp-block-column-is-layout-flow">
<p>Chapelle du «&nbsp;CHRIST ROI&nbsp;»&nbsp; à Drachenbronn. La chapelle du «&nbsp;<strong>Christ Roi</strong>&nbsp;» de Drachenbronn, annexe de la paroisse de Keffenach, est située au cœur du village, à l’emplacement de l’ancien lavoir en fonction jusqu’en 1935. En 1936 une école mairie remplace ce dernier et est utilisée jusqu’en 1955. La construction d’une nouvelle école libère le bâtiment. La communauté catholique désirant un lieu de culte, le conseil municipal adhère au projet de transformer le lieu en chapelle. Les dépenses seront financées, en partie par des dons de paroissiens et des dommages de guerre alloués pour cause de faits de guerre.</p>



<p>Le 25 octobre 1959 la chapelle est consacrée par Monseigneur Fischer, assisté de M. le curé Schmitt et du curé Knauer. Sont aussi présents le député Grussenmeyer et le conseiller général Schiellein. En 1993 la communauté protestante rejoint les catholiques. Le 13 mai 1996, la convention d’utilisation par les deux communautés sera officiellement signée entre la paroisse catholique de Keffenach, la paroisse protestante de Birlenbach –Drachenbronn et la commune. En 2001, une rénovation intérieure est réalisée par une équipe de bénévoles des deux confessions et financées par des dons de paroissiens. Cette rénovation, faite avec minutie, permet d’accueillir les paroissiens catholiques pour les fêtes du «&nbsp;<strong>Christ Roi</strong>&nbsp;», fin novembre, de la St Etienne le 26 décembre, ainsi que le lundi de Pâques. Les protestants s’y réunissent pour des cultes toutes les trois semaines.</p>



<p>Les deux communautés y célèbrent des baptêmes, des enterrements, des veillées de prières œcuméniques Taizé, Noël, Pâques. Bien que modeste, notre chapelle est très conviviale, l’on y prie et l’on y chante avec beaucoup de ferveur et de recueillement.</p>



<p>Venez nous y rejoindre lors de nos cérémonies, nous serons très heureux de vous y accueillir.</p>
</div>
</div>
</div>
</div>



<hr class="wp-block-separator has-alpha-channel-opacity"/>



<p><strong>Feuille de services 2023</strong></p>



<figure class="wp-block-table"><table class="has-fixed-layout"><tbody><tr><td><strong>Liturgie</strong></td><td></td></tr><tr><td>Fleurissement</td><td></td></tr><tr><td>Entretien</td><td></td></tr><tr><td>Sacristain</td><td></td></tr><tr><td>Portier</td><td></td></tr><tr><td>Servants de messe</td><td></td></tr><tr><td>Chorale</td><td></td></tr><tr><td>Organiste</td><td></td></tr><tr><td>Lecteurs</td><td></td></tr><tr><td>Célébrations du mercredi</td><td></td></tr><tr><td><strong>Informations</strong></td><td></td></tr><tr><td>Fiche paroissiale</td><td></td></tr><tr><td>Accueil</td><td></td></tr><tr><td><strong>Conseil de fabrique</strong></td><td></td></tr><tr><td>Président</td><td></td></tr></tbody></table></figure>



<div class="wp-block-group alignfull footer-css has-white-color has-black-background-color has-text-color has-background has-link-color wp-elements-ba475b0cc921fef8f0e1837d6cd4a8dc is-vertical is-content-justification-stretch is-layout-flex wp-container-core-group-is-layout-47eb2bc5 wp-block-group-is-layout-flex" style="min-height:40vh;margin-top:0;margin-bottom:0;padding-top:var(--wp--preset--spacing--60);padding-right:var(--wp--preset--spacing--40);padding-bottom:var(--wp--preset--spacing--60);padding-left:var(--wp--preset--spacing--40)">
<div class="wp-block-columns alignwide has-small-font-size is-layout-flex wp-container-core-columns-is-layout-9d6595d7 wp-block-columns-is-layout-flex">
<div class="wp-block-column is-vertically-aligned-center is-layout-flow wp-block-column-is-layout-flow">
<p class="has-text-align-center">Presbytère catholique de Soultz-sous-Forêts</p>



<p class="has-text-align-center">2 rue des écoles,<br>67250 SOULTZ-SOUS-FORÊTS<br>03 88 80 41 55 (sauf le lundi)&nbsp;</p>



<p class="has-text-align-center">paroisse.ssf@wanadoo.fr</p>



<p class="has-text-align-center">Permanences : Jeudi de 10h00 à 12h00 et le samedi de 10h00 à 12h00&nbsp;</p>



<p class="has-text-align-center">Père Félix Zannou HOUESSOU : 06 14 38 65 52 (en cas d&rsquo;urgence)&nbsp;</p>



<p class="has-text-align-center">Père Jules : 07 51 46 50 65 – Père Simon KNAEBEL : 03 88 79 11 85&nbsp;</p>



<div style="height:24px" aria-hidden="true" class="wp-block-spacer"></div>
</div>



<div class="wp-block-column is-layout-flow wp-block-column-is-layout-flow">
<p class="has-text-align-center"></p>


<p><iframe src="https://www.google.com/maps/embed?pb=!1m18!1m12!1m3!1d2620.800066723692!2d7.879993676792334!3d48.93824979508288!2m3!1f0!2f0!3f0!3m2!1i1024!2i768!4f13.1!3m3!1m2!1s0x4796f274b1cc3ebd%3A0x5c8a5f31a04db652!2s2%20Rue%20des%20%C3%89coles%2C%2067250%20Soultz-sous-For%C3%AAts!5e0!3m2!1sfr!2sfr!4v1698792111402!5m2!1sfr!2sfr" width="600" height="450" style="border:0;" allowfullscreen="" loading="lazy" referrerpolicy="no-referrer-when-downgrade"></iframe></p>



<div style="height:24px" aria-hidden="true" class="wp-block-spacer"></div>
</div>
</div>
</div>



<div class="wp-block-columns is-layout-flex wp-container-core-columns-is-layout-9d6595d7 wp-block-columns-is-layout-flex">
<div class="wp-block-column footer__copyright is-layout-flow wp-block-column-is-layout-flow">
<p class="coopyright">©2023Communauté de paroisses catholiques de Soultz-sous-Forêts &#8211; réalisé par Samtmann Guillaume </p>
</div>
</div>

<p>Notre histoire Chapelle du «&nbsp;CHRIST ROI&nbsp;»&nbsp; à Drachenbronn. La chapelle du «&nbsp;Christ Roi&nbsp;» de Drachenbronn, annexe de la paroisse de Keffenach, est située au cœur du village, à l’emplacement de l’ancien lavoir en fonction jusqu’en 1935. En 1936 une école mairie remplace ce dernier et est utilisée jusqu’en 1955. La construction d’une nouvelle école libère [&hellip;]</p>
