{"id":2003,"date":"2024-04-06T11:24:12","date_gmt":"2024-04-06T09:24:12","guid":{"rendered":"https:\/\/paroisses-catholiques-ssf.com\/?page_id=2003"},"modified":"2024-05-06T14:28:58","modified_gmt":"2024-05-06T12:28:58","slug":"services","status":"publish","type":"page","link":"https:\/\/paroisses-catholiques-ssf.com\/index.php\/services\/","title":{"rendered":"Services"},"content":{"rendered":"\n<h2 class=\"wp-block-heading\">Feuille de services commune aux paroisses<\/h2>\n\n\n\n<figure class=\"wp-block-table is-style-regular\"><table><thead><tr><th>Activit\u00e9s<\/th><th><\/th><th><\/th><\/tr><\/thead><tbody><tr><td><strong>Cat\u00e9ch\u00e8se et pr\u00e9paration des sacrements<\/strong><\/td><td>Ecole \u00e9l\u00e9mentaire = IDR Intervenant de Religion<\/td><td>Dalida BENE<\/td><\/tr><tr><td><\/td><td>Coll\u00e8ge<\/td><td>Marine SEITZ<\/td><\/tr><tr><td><\/td><td>1<sup>\u00e8re<\/sup> communion et 1<sup>er <\/sup>pardon<\/td><td>Christelle LOURY<\/td><\/tr><tr><td><\/td><td>Pr\u00e9paration profession de foi et confirmation<\/td><td>Karin FLICK<br>Jean-Michel GREFFE<\/td><\/tr><tr><td><strong>Mouvements<\/strong><\/td><td>ACE Enfants<\/td><td>V\u00e9ronique ROEHRIG<\/td><\/tr><tr><td><\/td><td>CMR Adultes<\/td><td>Catherine LECOUFFE<\/td><\/tr><tr><td><strong>Informations<\/strong><\/td><td>Fiche paroissiale<\/td><td><\/td><\/tr><tr><td><\/td><td>Accueil<\/td><td><\/td><\/tr><tr><td><\/td><td>Site internet<\/td><td>Catherine MOOG<br>Catherine LECOUFFE<\/td><\/tr><\/tbody><\/table><figcaption class=\"wp-element-caption\">Mise \u00e0 jour 2023<\/figcaption><\/figure>\n","protected":false},"excerpt":{"rendered":"<p>Feuille de services commune aux paroisses Activit\u00e9s Cat\u00e9ch\u00e8se et pr\u00e9paration des sacrements Ecole \u00e9l\u00e9mentaire = IDR Intervenant de Religion Dalida BENE Coll\u00e8ge Marine SEITZ 1\u00e8re communion et 1er pardon Christelle LOURY Pr\u00e9paration profession de foi et confirmation Karin FLICKJean-Michel GREFFE Mouvements ACE Enfants V\u00e9ronique ROEHRIG CMR Adultes Catherine LECOUFFE Informations Fiche paroissiale Accueil Site internet [&hellip;]<\/p>\n","protected":false},"author":1,"featured_media":0,"parent":0,"menu_order":0,"comment_status":"closed","ping_status":"closed","template":"page-template\/custom-home-page.php","meta":{"_mc_calendar":[],"footnotes":""},"class_list":["post-2003","page","type-page","status-publish","hentry"],"_links":{"self":[{"href":"https:\/\/paroisses-catholiques-ssf.com\/index.php\/wp-json\/wp\/v2\/pages\/2003","targetHints":{"allow":["GET"]}}],"collection":[{"href":"https:\/\/paroisses-catholiques-ssf.com\/index.php\/wp-json\/wp\/v2\/pages"}],"about":[{"href":"https:\/\/paroisses-catholiques-ssf.com\/index.php\/wp-json\/wp\/v2\/types\/page"}],"author":[{"embeddable":true,"href":"https:\/\/paroisses-catholiques-ssf.com\/index.php\/wp-json\/wp\/v2\/users\/1"}],"replies":[{"embeddable":true,"href":"https:\/\/paroisses-catholiques-ssf.com\/index.php\/wp-json\/wp\/v2\/comments?post=2003"}],"version-history":[{"count":7,"href":"https:\/\/paroisses-catholiques-ssf.com\/index.php\/wp-json\/wp\/v2\/pages\/2003\/revisions"}],"predecessor-version":[{"id":2054,"href":"https:\/\/paroisses-catholiques-ssf.com\/index.php\/wp-json\/wp\/v2\/pages\/2003\/revisions\/2054"}],"wp:attachment":[{"href":"https:\/\/paroisses-catholiques-ssf.com\/index.php\/wp-json\/wp\/v2\/media?parent=2003"}],"curies":[{"name":"wp","href":"https:\/\/api.w.org\/{rel}","templated":true}]}}