{"id":63,"date":"2023-10-26T06:13:08","date_gmt":"2023-10-26T04:13:08","guid":{"rendered":"https:\/\/paroisses-catholiques-ssf.com\/?page_id=63"},"modified":"2026-03-31T18:11:44","modified_gmt":"2026-03-31T16:11:44","slug":"accueil","status":"publish","type":"page","link":"https:\/\/paroisses-catholiques-ssf.com\/","title":{"rendered":"Accueil"},"content":{"rendered":"\n<div class=\"wp-block-cover accueil__banni\u00e8re\" style=\"min-height:437px;aspect-ratio:unset;\"><img loading=\"lazy\" decoding=\"async\" width=\"2560\" height=\"1707\" class=\"wp-block-cover__image-background wp-image-1864\" alt=\"\" src=\"https:\/\/paroisses-catholiques-ssf.com\/wp-content\/uploads\/2024\/01\/Chapelle-Oberkutz-005-scaled.jpg\" data-object-fit=\"cover\" srcset=\"https:\/\/paroisses-catholiques-ssf.com\/wp-content\/uploads\/2024\/01\/Chapelle-Oberkutz-005-scaled.jpg 2560w, https:\/\/paroisses-catholiques-ssf.com\/wp-content\/uploads\/2024\/01\/Chapelle-Oberkutz-005-300x200.jpg 300w, https:\/\/paroisses-catholiques-ssf.com\/wp-content\/uploads\/2024\/01\/Chapelle-Oberkutz-005-1024x683.jpg 1024w, https:\/\/paroisses-catholiques-ssf.com\/wp-content\/uploads\/2024\/01\/Chapelle-Oberkutz-005-768x512.jpg 768w, https:\/\/paroisses-catholiques-ssf.com\/wp-content\/uploads\/2024\/01\/Chapelle-Oberkutz-005-1536x1024.jpg 1536w, https:\/\/paroisses-catholiques-ssf.com\/wp-content\/uploads\/2024\/01\/Chapelle-Oberkutz-005-2048x1365.jpg 2048w\" sizes=\"auto, (max-width: 2560px) 100vw, 2560px\" \/><span aria-hidden=\"true\" class=\"wp-block-cover__background has-background-dim-0 has-background-dim\"><\/span><div class=\"wp-block-cover__inner-container is-layout-constrained wp-block-cover-is-layout-constrained\">\n<p><\/p>\n\n\n\n<h1 class=\"wp-block-heading header_bienvenu\" style=\"font-size:40px\">Communaut\u00e9 de paroisses catholiques de Soultz-sous-For\u00eats<\/h1>\n\n\n\n<p style=\"font-size:30px\">Sous le patronage de Notre-Dame de la Paix<\/p>\n\n\n\n<h3 class=\"wp-block-heading header-regroupement\">Birlenbach &#8211; Drachenbronn &#8211; Hohwiller &#8211; Keffenach &#8211; Kutzenhausen &#8211; Leiterswiller &#8211; Lobsann &#8211; Marienbronn &#8211; Memmelshoffen &#8211; Merkwiller &#8211; Oberkutzenhausen &#8211; Schoenenbourg &#8211; Soultz-sous-For\u00eats<\/h3>\n<\/div><\/div>\n\n\n\n<div class=\"wp-block-group\"><div class=\"wp-block-group__inner-container is-layout-constrained wp-block-group-is-layout-constrained\">\n<div class=\"wp-block-columns bulle_acc is-layout-flex wp-container-core-columns-is-layout-9d6595d7 wp-block-columns-is-layout-flex\">\n<div class=\"wp-block-column is-vertically-aligned-top is-layout-flow wp-block-column-is-layout-flow\"><div class=\"wp-block-image is-style-rounded\">\n<figure class=\"aligncenter size-full is-resized\"><img loading=\"lazy\" decoding=\"async\" width=\"1591\" height=\"1034\" src=\"https:\/\/paroisses-catholiques-ssf.com\/wp-content\/uploads\/2024\/01\/eucharistie.jpg\" alt=\"\" class=\"wp-image-1866\" style=\"aspect-ratio:1;object-fit:cover;width:142px\" srcset=\"https:\/\/paroisses-catholiques-ssf.com\/wp-content\/uploads\/2024\/01\/eucharistie.jpg 1591w, https:\/\/paroisses-catholiques-ssf.com\/wp-content\/uploads\/2024\/01\/eucharistie-300x195.jpg 300w, https:\/\/paroisses-catholiques-ssf.com\/wp-content\/uploads\/2024\/01\/eucharistie-1024x666.jpg 1024w, https:\/\/paroisses-catholiques-ssf.com\/wp-content\/uploads\/2024\/01\/eucharistie-768x499.jpg 768w, https:\/\/paroisses-catholiques-ssf.com\/wp-content\/uploads\/2024\/01\/eucharistie-1536x998.jpg 1536w\" sizes=\"auto, (max-width: 1591px) 100vw, 1591px\" \/><\/figure>\n<\/div>\n\n\n<h4 class=\"wp-block-heading has-text-align-center\">Horaires des messes<\/h4>\n\n\n\n<div class=\"wp-block-file aligncenter lien-pageacceuil\"><a id=\"wp-block-file--media-da25a857-167e-4b04-97ba-0dd2a024c017\" href=\"https:\/\/paroisses-catholiques-ssf.com\/wp-content\/uploads\/2026\/02\/FP-04-2026.pdf\" target=\"_blank\" rel=\"noreferrer noopener\">Mars-Avril 2026<\/a><a href=\"https:\/\/paroisses-catholiques-ssf.com\/wp-content\/uploads\/2026\/02\/FP-04-2026.pdf\" class=\"wp-block-file__button wp-element-button\" download aria-describedby=\"wp-block-file--media-da25a857-167e-4b04-97ba-0dd2a024c017\">T\u00e9l\u00e9charger<\/a><\/div>\n<\/div>\n\n\n\n<div class=\"wp-block-column is-vertically-aligned-top is-layout-flow wp-block-column-is-layout-flow\"><div class=\"wp-block-image is-style-rounded\">\n<figure class=\"aligncenter size-large is-resized\"><img loading=\"lazy\" decoding=\"async\" width=\"1024\" height=\"240\" src=\"https:\/\/paroisses-catholiques-ssf.com\/wp-content\/uploads\/2023\/11\/bandeau-1024x240.jpg\" alt=\"\" class=\"wp-image-504\" style=\"aspect-ratio:1;object-fit:cover;width:142px;height:auto\" srcset=\"https:\/\/paroisses-catholiques-ssf.com\/wp-content\/uploads\/2023\/11\/bandeau-1024x240.jpg 1024w, https:\/\/paroisses-catholiques-ssf.com\/wp-content\/uploads\/2023\/11\/bandeau-300x70.jpg 300w, https:\/\/paroisses-catholiques-ssf.com\/wp-content\/uploads\/2023\/11\/bandeau-768x180.jpg 768w, https:\/\/paroisses-catholiques-ssf.com\/wp-content\/uploads\/2023\/11\/bandeau.jpg 1200w\" sizes=\"auto, (max-width: 1024px) 100vw, 1024px\" \/><\/figure>\n<\/div>\n\n\n<h4 class=\"wp-block-heading has-text-align-center link-pageacceuil\"><a href=\"https:\/\/paroisses-catholiques-ssf.com\/index.php\/actualites\/\" data-type=\"page\" data-id=\"65\">Actualit\u00e9s<\/a><\/h4>\n<\/div>\n\n\n\n<div class=\"wp-block-column is-vertically-aligned-top is-layout-flow wp-block-column-is-layout-flow\"><div class=\"wp-block-image is-style-rounded\">\n<figure class=\"aligncenter size-full is-resized\"><img loading=\"lazy\" decoding=\"async\" width=\"533\" height=\"400\" src=\"https:\/\/paroisses-catholiques-ssf.com\/wp-content\/uploads\/2023\/11\/bandeau_eglise.jpg\" alt=\"\" class=\"wp-image-505\" style=\"aspect-ratio:1;object-fit:cover;width:142px\" srcset=\"https:\/\/paroisses-catholiques-ssf.com\/wp-content\/uploads\/2023\/11\/bandeau_eglise.jpg 533w, https:\/\/paroisses-catholiques-ssf.com\/wp-content\/uploads\/2023\/11\/bandeau_eglise-300x225.jpg 300w\" sizes=\"auto, (max-width: 533px) 100vw, 533px\" \/><\/figure>\n<\/div>\n\n\n<h4 class=\"wp-block-heading has-text-align-center link-pageacceuil\"><a href=\"https:\/\/paroisses-catholiques-ssf.com\/index.php\/bibliotheque\/\" data-type=\"page\" data-id=\"2357\">Informations<\/a><\/h4>\n<\/div>\n<\/div>\n<\/div><\/div>\n\n\n\n<h1 class=\"wp-block-heading sousTitre__acc has-black-color has-text-color\" style=\"font-size:50px\">Invitations :<\/h1>\n\n\n\n<hr class=\"wp-block-separator has-text-color has-luminous-vivid-amber-color has-alpha-channel-opacity has-luminous-vivid-amber-background-color has-background is-style-wide\"\/>\n\n\n\n<div class=\"wp-block-columns is-layout-flex wp-container-core-columns-is-layout-9d6595d7 wp-block-columns-is-layout-flex\">\n<div class=\"wp-block-column is-vertically-aligned-top is-layout-flow wp-block-column-is-layout-flow\"><div class=\"wp-block-image\">\n<figure class=\"aligncenter size-full is-resized\"><a href=\"https:\/\/paroisses-catholiques-ssf.com\/wp-content\/uploads\/2026\/03\/parcours-decouverte.png\"><img loading=\"lazy\" decoding=\"async\" width=\"300\" height=\"300\" src=\"https:\/\/paroisses-catholiques-ssf.com\/wp-content\/uploads\/2026\/03\/parcours-decouverte.png\" alt=\"\" class=\"wp-image-3320\" style=\"object-fit:cover;width:200px;height:150px\" srcset=\"https:\/\/paroisses-catholiques-ssf.com\/wp-content\/uploads\/2026\/03\/parcours-decouverte.png 300w, https:\/\/paroisses-catholiques-ssf.com\/wp-content\/uploads\/2026\/03\/parcours-decouverte-150x150.png 150w\" sizes=\"auto, (max-width: 300px) 100vw, 300px\" \/><\/a><\/figure>\n<\/div>\n\n\n<hr class=\"wp-block-separator has-alpha-channel-opacity\"\/>\n\n\n\n<div class=\"wp-block-buttons btn__accueil is-content-justification-center is-layout-flex wp-container-core-buttons-is-layout-5590e8cb wp-block-buttons-is-layout-flex\">\n<div class=\"wp-block-button\"><a class=\"wp-block-button__link wp-element-button\" href=\"https:\/\/paroisses-catholiques-ssf.com\/index.php\/2026\/03\/31\/la-synodalite-dans-le-diocese\/\" target=\"_blank\" rel=\"noreferrer noopener\">La synodalit\u00e9 dans le dioc\u00e8se<\/a><\/div>\n<\/div>\n<\/div>\n\n\n\n<div class=\"wp-block-column is-vertically-aligned-top is-layout-flow wp-block-column-is-layout-flow\"><div class=\"wp-block-image\">\n<figure class=\"aligncenter size-full is-resized\"><img loading=\"lazy\" decoding=\"async\" width=\"234\" height=\"300\" src=\"https:\/\/paroisses-catholiques-ssf.com\/wp-content\/uploads\/2026\/02\/Nigeria2026-AfficheFinale-234x300-1.jpg\" alt=\"\" class=\"wp-image-3187\" style=\"object-fit:cover;width:200px;height:150px\"\/><\/figure>\n<\/div>\n\n\n<hr class=\"wp-block-separator has-alpha-channel-opacity\"\/>\n\n\n\n<div class=\"wp-block-buttons is-content-justification-center is-layout-flex wp-container-core-buttons-is-layout-16018d1d wp-block-buttons-is-layout-flex\">\n<div class=\"wp-block-button\"><a class=\"wp-block-button__link wp-element-button\" href=\"https:\/\/paroisses-catholiques-ssf.com\/index.php\/2026\/02\/19\/journee-mondiale-de-prieres-des-femmes-2026\/\" target=\"_blank\" rel=\"noreferrer noopener\">Journ\u00e9e Mondiale de pri\u00e8res des femmes<\/a><\/div>\n<\/div>\n<\/div>\n\n\n\n<div class=\"wp-block-column is-layout-flow wp-block-column-is-layout-flow\"><div class=\"wp-block-image\">\n<figure class=\"aligncenter size-full is-resized\"><img loading=\"lazy\" decoding=\"async\" width=\"724\" height=\"1024\" src=\"https:\/\/paroisses-catholiques-ssf.com\/wp-content\/uploads\/2023\/11\/pelejeunes26-724x1024-1.jpg\" alt=\"\" class=\"wp-image-3264\" style=\"object-fit:cover;width:200px;height:150px\" srcset=\"https:\/\/paroisses-catholiques-ssf.com\/wp-content\/uploads\/2023\/11\/pelejeunes26-724x1024-1.jpg 724w, https:\/\/paroisses-catholiques-ssf.com\/wp-content\/uploads\/2023\/11\/pelejeunes26-724x1024-1-212x300.jpg 212w\" sizes=\"auto, (max-width: 724px) 100vw, 724px\" \/><\/figure>\n<\/div>\n\n\n<hr class=\"wp-block-separator has-alpha-channel-opacity\"\/>\n\n\n\n<div class=\"wp-block-buttons is-content-justification-center is-layout-flex wp-container-core-buttons-is-layout-16018d1d wp-block-buttons-is-layout-flex\">\n<div class=\"wp-block-button\"><a class=\"wp-block-button__link wp-element-button\" href=\"https:\/\/paroisses-catholiques-ssf.com\/index.php\/2023\/11\/18\/le-pele-lourdes-2022\/\">P\u00e9l\u00e9 Jeunes Lourdes 2026<\/a><\/div>\n<\/div>\n<\/div>\n<\/div>\n\n\n\n<div class=\"wp-block-buttons is-content-justification-center is-layout-flex wp-container-core-buttons-is-layout-16018d1d wp-block-buttons-is-layout-flex\">\n<div class=\"wp-block-button btn__toutActu\"><a class=\"wp-block-button__link has-black-color has-luminous-vivid-amber-background-color has-text-color has-background wp-element-button\" href=\"https:\/\/paroisses-catholiques-ssf.com\/index.php\/actualites\/\">Toutes les actualit\u00e9s<\/a><\/div>\n<\/div>\n\n\n\n<div class=\"wp-block-columns is-layout-flex wp-container-core-columns-is-layout-9d6595d7 wp-block-columns-is-layout-flex\">\n<div class=\"wp-block-column column-calendrier is-layout-flow wp-block-column-is-layout-flow\">\n<h1 class=\"wp-block-heading sousTitre__acc has-black-color has-text-color\" style=\"font-size:50px\">Calendrier :<\/h1>\n\n\n\n<hr class=\"wp-block-separator has-text-color has-luminous-vivid-amber-color has-alpha-channel-opacity has-luminous-vivid-amber-background-color has-background is-style-wide\"\/>\n\n\n\r\n<div id='my-calendar' class='mc-main mcjs listjs gridjs minijs ajaxjs mc_custom_mc_custom_twentytwentytwo list month my-calendar is-main-view' ><h2 id=\"mc_head_my-calendar\" class=\"heading my-calendar-month\"><span>\u00c9v\u00e8nements en avril 2026<\/span><\/h2>\n\n<nav class=\"my-calendar-navigation\" aria-label=\"Calendrier (Haut)\">\n<div class=\"my-calendar-header\"><div class='mc-time'><ul><li><a rel='nofollow' id='mc_month-my-calendar'  href='https:\/\/paroisses-catholiques-ssf.com\/?time=month&#038;cid=my-calendar' class='month mc-active' aria-pressed='true'>Mois<\/a><\/li><li><a rel='nofollow' id='mc_week-my-calendar'  href='https:\/\/paroisses-catholiques-ssf.com\/?time=week&#038;dy=13&#038;month=4&#038;yr=2026&#038;cid=my-calendar' class='week'>Semaine<\/a><\/li><li><a rel='nofollow' id='mc_day-my-calendar'  href='https:\/\/paroisses-catholiques-ssf.com\/?time=day&#038;dy=13&#038;cid=my-calendar' class='day'>Jour<\/a><li><\/ul><\/div><div class=\"my-calendar-date-switcher\"><form class=\"mc-date-switcher\" action=\"https:\/\/paroisses-catholiques-ssf.com\/index.php\/wp-json\/wp\/v2\/pages\/63\/\" method=\"get\"><div><input type=\"hidden\" name=\"cid\" value=\"my-calendar\" \/> <label class=\"maybe-hide\" for=\"my-calendar-month\">Mois<\/label> <select id=\"my-calendar-month\" name=\"month\">\n<option value='1'>janvier<\/option>\n<option value='2'>f\u00e9vrier<\/option>\n<option value='3'>mars<\/option>\n<option value='4' selected='selected'>avril<\/option>\n<option value='5'>mai<\/option>\n<option value='6'>juin<\/option>\n<option value='7'>juillet<\/option>\n<option value='8'>ao\u00fbt<\/option>\n<option value='9'>septembre<\/option>\n<option value='10'>octobre<\/option>\n<option value='11'>novembre<\/option>\n<option value='12'>d\u00e9cembre<\/option>\n<\/select>\n <label class=\"maybe-hide\" for=\"my-calendar-year\">Ann\u00e9e<\/label> <select id=\"my-calendar-year\" name=\"yr\">\n<option value=\"2023\">2023<\/option>\n<option value=\"2024\">2024<\/option>\n<option value=\"2025\">2025<\/option>\n<option value=\"2026\" selected='selected'>2026<\/option>\n<\/select> <input type=\"submit\" class=\"button\" data-href=\"https:\/\/paroisses-catholiques-ssf.com\/index.php\/wp-json\/wp\/v2\/pages\/63\/\" value=\"Aller\" \/><\/div><\/form><\/div>\r\n\t\t<div class=\"my-calendar-nav\">\r\n\t\t\t<ul>\r\n\t\t\t\t<li class=\"my-calendar-prev\"><a id=\"mc_previous_my-calendar\" href=\"https:\/\/paroisses-catholiques-ssf.com\/?yr=2026&#038;month=3&#038;dy&#038;cid=my-calendar&#038;time=month\" rel=\"nofollow\"><span class=\"mc-icon\" aria-hidden=\"true\"><\/span><span class=\"maybe-hide\">Pr\u00e9c\u00e9dent <\/span><\/a><\/li><li class=\"my-calendar-today\"><a id=\"mc_today_my-calendar\" href=\"https:\/\/paroisses-catholiques-ssf.com\/?cid=my-calendar\" rel=\"nofollow\" class=\"today mc-active\" aria-current=\"true\"><span class=\"mc-icon\" aria-hidden=\"true\"><\/span>Aujourd\u2019hui<\/a><\/li>\r\n\t\t\t<\/ul>\r\n\t\t<\/div><\/div>\n<\/nav>\n<div class=\"mc-content\"><ul id='list-my-calendar' class='mc-list'><li class='mc-events no-events'>Il n\u2019y a aucun \u00e9v\u00e8nement pr\u00e9vu pour cette p\u00e9riode.<\/li>\n<\/ul><\/div><!-- .mc-content -->\n<nav class=\"my-calendar-navigation\" aria-label=\"Calendrier (Bas)\">\n<div class=\"mc_bottomnav my-calendar-footer\"><div class=\"category-key has-icons\"><h3 class=\"maybe-hide\">Cat\u00e9gories<\/h3>\n<ul>\n<li class=\"cat_general\"><a id=\"mc_cat_1-my-calendar\" href=\"https:\/\/paroisses-catholiques-ssf.com\/?mcat=1\"  rel=\"nofollow\"><span class=\"category-color-sample svg\" style=\"background:#f5ede1;\"><svg style=\"fill:#000000\" focusable=\"false\" role=\"img\" aria-labelledby=\"cat_1\" class=\"category-icon\" xmlns=\"http:\/\/www.w3.org\/2000\/svg\" viewBox=\"0 0 448 512\"><!-- Font Awesome Free 5.15.3 by @fontawesome - https:\/\/fontawesome.com License - https:\/\/fontawesome.com\/license\/free (Icons: CC BY 4.0, Fonts: SIL OFL 1.1, Code: MIT License) --><title id='cat_1'>General<\/title><path d=\"M12 192h424c6.6 0 12 5.4 12 12v260c0 26.5-21.5 48-48 48H48c-26.5 0-48-21.5-48-48V204c0-6.6 5.4-12 12-12zm436-44v-36c0-26.5-21.5-48-48-48h-48V12c0-6.6-5.4-12-12-12h-40c-6.6 0-12 5.4-12 12v52H160V12c0-6.6-5.4-12-12-12h-40c-6.6 0-12 5.4-12 12v52H48C21.5 64 0 85.5 0 112v36c0 6.6 5.4 12 12 12h424c6.6 0 12-5.4 12-12z\"\/><\/svg><\/span>General<\/a><\/li><li class='all-categories'><span class='mc-active' id='mc_cat_all-my-calendar' tabindex='-1'>Toutes les cat\u00e9gories<\/span><\/li><\/ul><\/div><div class='mc-print'><a id='mc_print-my-calendar' href='https:\/\/paroisses-catholiques-ssf.com?time=month&#038;yr=2026&#038;month=4&#038;dy=1&#038;href=https%3A%2F%2Fparoisses-catholiques-ssf.com%2Findex.php%2Fwp-json%2Fwp%2Fv2%2Fpages%2F63%2F&#038;format=list&#038;cid=mc-print-view' rel='nofollow'><span class='mc-icon' aria-hidden='true'><\/span><span class=\"maybe-hide\">Vue<\/span> impression<\/a><\/div><\/div>\n<\/nav>\n\r\n<\/div><!-- Close Main My Calendar Wrapper -->\n<\/div>\n<\/div>\n\n\n\n<div class=\"wp-block-group alignfull footer-css has-white-color has-black-background-color has-text-color has-background has-link-color wp-elements-913210dd34a9d262c69b71f7ea23889a is-vertical is-content-justification-stretch is-layout-flex wp-container-core-group-is-layout-47eb2bc5 wp-block-group-is-layout-flex\" style=\"min-height:40vh;margin-top:0;margin-bottom:0;padding-top:var(--wp--preset--spacing--60);padding-right:var(--wp--preset--spacing--40);padding-bottom:var(--wp--preset--spacing--60);padding-left:var(--wp--preset--spacing--40)\">\n<div class=\"wp-block-columns alignwide has-small-font-size is-layout-flex wp-container-core-columns-is-layout-9d6595d7 wp-block-columns-is-layout-flex\">\n<div class=\"wp-block-column is-vertically-aligned-center is-layout-flow wp-block-column-is-layout-flow\">\n<p class=\"has-text-align-center\">Presbyt\u00e8re Catholique de Soultz-sous-For\u00eats<\/p>\n\n\n\n<p class=\"has-text-align-center\">2 rue des Ecoles<br>67250 SOULTZ-SOUS-FOR\u00caTS<br>03 88 80 41 55 (sauf le lundi)&nbsp;<\/p>\n\n\n\n<p class=\"has-text-align-center\">paroisse.ssf@wanadoo.fr<\/p>\n\n\n\n<p class=\"has-text-align-center\">Facebook : <a href=\"https:\/\/www.facebook.com\/profile.php?id=61552085885690\" target=\"_blank\" rel=\"noreferrer noopener\">Doyenn\u00e9 Soultz-sous-For\u00eats<\/a><\/p>\n\n\n\n<p><\/p>\n\n\n\n<p class=\"has-text-align-center has-small-font-size\">Permanences : Jeudi de 10h00 \u00e0 12h00 et Samedi de 10h00 \u00e0 12h00&nbsp;<\/p>\n\n\n\n<p class=\"has-text-align-center\">P\u00e8re F\u00e9lix Zannou HOUESSOU &#8211; 06 14 38 65 52 (en cas d&rsquo;urgence)&nbsp;<\/p>\n\n\n\n<p class=\"has-text-align-center\">  P\u00e8re Simon Knaebel &nbsp;03 88 79 11 85<\/p>\n\n\n\n<p class=\"has-text-align-center\">Coop\u00e9ratrice de la pastorale des adolescents et des enfants Virginie Dorffer<\/p>\n\n\n\n<p class=\"has-text-align-center\">06 19 68 06 83 &#8211; <a href=\"mailto:virginie_dorffer@icloud.com\"><strong>virginie_dorffer@icloud.com<\/strong><\/a><\/p>\n\n\n\n<p class=\"has-text-align-center\">&nbsp;Animatrice de doyenn\u00e9 de la zone pastorale Christelle Loury &#8211;<br><br> 06 86 27 36 91 &#8211; <a href=\"mailto:loury.christelle68@gmail.com\">loury.christelle68@gmail.com<\/a><\/p>\n\n\n\n<div style=\"height:24px\" aria-hidden=\"true\" class=\"wp-block-spacer\"><\/div>\n<\/div>\n\n\n\n<div class=\"wp-block-column is-layout-flow wp-block-column-is-layout-flow\">\n<p class=\"has-text-align-center\"><\/p>\n\n\n<p><iframe src=\"https:\/\/www.google.com\/maps\/embed?pb=!1m18!1m12!1m3!1d2620.800066723692!2d7.879993676792334!3d48.93824979508288!2m3!1f0!2f0!3f0!3m2!1i1024!2i768!4f13.1!3m3!1m2!1s0x4796f274b1cc3ebd%3A0x5c8a5f31a04db652!2s2%20Rue%20des%20%C3%89coles%2C%2067250%20Soultz-sous-For%C3%AAts!5e0!3m2!1sfr!2sfr!4v1698792111402!5m2!1sfr!2sfr\" width=\"600\" height=\"450\" style=\"border:0;\" allowfullscreen=\"\" loading=\"lazy\" referrerpolicy=\"no-referrer-when-downgrade\"><\/iframe><\/p>\n\n\n\n<div style=\"height:24px\" aria-hidden=\"true\" class=\"wp-block-spacer\"><\/div>\n<\/div>\n<\/div>\n<\/div>\n\n\n\n<div class=\"wp-block-columns is-layout-flex wp-container-core-columns-is-layout-9d6595d7 wp-block-columns-is-layout-flex\">\n<div class=\"wp-block-column footer__copyright is-layout-flow wp-block-column-is-layout-flow\">\n<p class=\"coopyright\">\u00a92023Communaut\u00e9 de paroisses catholiques de Soultz-sous-For\u00eats&nbsp;\u2013 r\u00e9alis\u00e9 par Samtmann Guillaume<\/p>\n<\/div>\n<\/div>\n","protected":false},"excerpt":{"rendered":"<p>Horaires des messes Actualit\u00e9s Informations Invitations : Calendrier : Presbyt\u00e8re Catholique de Soultz-sous-For\u00eats 2 rue des Ecoles67250 SOULTZ-SOUS-FOR\u00caTS03 88 80 41 55 (sauf le lundi)&nbsp; paroisse.ssf@wanadoo.fr Facebook : Doyenn\u00e9 Soultz-sous-For\u00eats Permanences : Jeudi de 10h00 \u00e0 12h00 et Samedi de 10h00 \u00e0 12h00&nbsp; P\u00e8re F\u00e9lix Zannou HOUESSOU &#8211; 06 14 38 65 52 (en cas [&hellip;]<\/p>\n","protected":false},"author":1,"featured_media":0,"parent":0,"menu_order":0,"comment_status":"closed","ping_status":"closed","template":"","meta":{"_mc_calendar":[],"footnotes":""},"class_list":["post-63","page","type-page","status-publish","hentry"],"_links":{"self":[{"href":"https:\/\/paroisses-catholiques-ssf.com\/index.php\/wp-json\/wp\/v2\/pages\/63","targetHints":{"allow":["GET"]}}],"collection":[{"href":"https:\/\/paroisses-catholiques-ssf.com\/index.php\/wp-json\/wp\/v2\/pages"}],"about":[{"href":"https:\/\/paroisses-catholiques-ssf.com\/index.php\/wp-json\/wp\/v2\/types\/page"}],"author":[{"embeddable":true,"href":"https:\/\/paroisses-catholiques-ssf.com\/index.php\/wp-json\/wp\/v2\/users\/1"}],"replies":[{"embeddable":true,"href":"https:\/\/paroisses-catholiques-ssf.com\/index.php\/wp-json\/wp\/v2\/comments?post=63"}],"version-history":[{"count":415,"href":"https:\/\/paroisses-catholiques-ssf.com\/index.php\/wp-json\/wp\/v2\/pages\/63\/revisions"}],"predecessor-version":[{"id":3325,"href":"https:\/\/paroisses-catholiques-ssf.com\/index.php\/wp-json\/wp\/v2\/pages\/63\/revisions\/3325"}],"wp:attachment":[{"href":"https:\/\/paroisses-catholiques-ssf.com\/index.php\/wp-json\/wp\/v2\/media?parent=63"}],"curies":[{"name":"wp","href":"https:\/\/api.w.org\/{rel}","templated":true}]}}